tor of 199288 and 3016?
232
What is the highest common divisor of 959 and 78775?
137
What is the greatest common factor of 308 and 155876?
28
Calculate the greatest common divisor of 975 and 14475.
75
Calculate the highest common factor of 285 and 10545.
285
Calculate the greatest common factor of 50716 and 1116.
124
What is the highest common factor of 2058 and 4566?
6
What is the greatest common divisor of 35552 and 256136?
808
What is the highest common divisor of 2303 and 611?
47
Calculate the highest common factor of 28 and 404383.
7
What is the highest common divisor of 34140 and 60?
60
Calculate the highest common divisor of 17531 and 94.
47
What is the greatest common divisor of 792 and 374184?
72
Calculate the greatest common divisor of 43078 and 14.
14
Calculate the greatest common factor of 60912 and 72.
72
What is the highest common factor of 244 and 14?
2
What is the greatest common divisor of 21432 and 2432?
152
Calculate the highest common factor of 7785 and 225.
45
Calculate the highest common factor of 528 and 2531496.
264
Calculate the highest common factor of 287 and 4823.
7
Calculate the greatest common divisor of 1166 and 154.
22
What is the highest common factor of 21 and 6228?
3
Calculate the highest common divisor of 10395 and 1309.
77
Calculate the highest common factor of 399 and 142500.
57
Calculate the greatest common factor of 31204 and 2378.
58
Calculate the greatest common factor of 321011 and 7820.
391
Calculate the greatest common divisor of 48 and 63240.
24
What is the greatest common divisor of 4989 and 1036049?
1663
What is the highest common factor of 6400 and 5888?
256
What is the highest common divisor of 232 and 132385?
29
Calculate the highest common divisor of 29811 and 171.
57
What is the greatest common factor of 61602 and 2?
2
Calculate the greatest common divisor of 2814 and 27068.
134
What is the highest common factor of 46872 and 54216?
216
What is the greatest common divisor of 169 and 9477?
13
What is the greatest common divisor of 13301 and 141?
47
Calculate the greatest common factor of 63826 and 28294.
658
Calculate the highest common divisor of 99502 and 182.
26
Calculate the highest common divisor of 5106 and 3243.
69
What is the highest common factor of 1340 and 1010?
10
What is the highest common factor of 154312 and 72?
8
Calculate the greatest common factor of 60 and 1589190.
30
Calculate the greatest common factor of 240629 and 164.
41
Calculate the highest common factor of 33 and 4713.
3
Calculate the highest common divisor of 3934 and 7.
7
What is the highest common factor of 15833 and 3791?
223
Calculate the greatest common divisor of 33 and 81378.
33
Calculate the highest common factor of 108984 and 4332.
228
What is the highest common factor of 19 and 702487?
19
Calculate the highest common divisor of 8183 and 167.
167
Calculate the highest common factor of 154 and 50930.
22
Calculate the greatest common factor of 564 and 972.
12
What is the greatest common divisor of 5256 and 66960?
72
Calculate the greatest common factor of 118 and 444683.
59
Calculate the highest common divisor of 4538466 and 6408.
1602
Calculate the greatest common factor of 14094 and 16704.
522
Calculate the highest common divisor of 3781358 and 42.
14
Calculate the greatest common divisor of 21 and 463337.
7
What is the highest common factor of 139039 and 1141?
163
What is the greatest common divisor of 153721 and 3101?
443
What is the highest common divisor of 189 and 169407?
63
What is the highest common factor of 16623 and 27?
9
Calculate the greatest common factor of 156 and 16458.
78
Calculate the greatest common factor of 9 and 5219163.
9
What is the highest common factor of 99416 and 1376?
344
Calculate the highest common divisor of 194390 and 140.
70
Calculate the highest common divisor of 5 and 155885.
5
What is the greatest common divisor of 307665 and 86?
43
Calculate the highest common divisor of 15049 and 1639.
149
Calculate the highest common divisor of 5128 and 200.
8
What is the greatest common factor of 948 and 60277?
79
What is the highest common divisor of 1347216 and 24?
24
Calculate the highest common divisor of 182320 and 8.
8
Calculate the greatest common divisor of 3150323 and 132.
11
What is the greatest common factor of 1722279 and 39?
39
Calculate the greatest common divisor of 51910 and 4350.
290
What is the greatest common divisor of 10920 and 48750?
390
What is the highest common divisor of 41 and 30463?
41
Calculate the highest common factor of 371712 and 576.
192
Calculate the greatest common divisor of 302521 and 706.
353
What is the greatest common factor of 14440 and 1615?
95
What is the highest common divisor of 4758 and 78?
78
Calculate the greatest common factor of 163960 and 30.
10
What is the highest common factor of 72672 and 96?
96
What is the highest common factor of 1645 and 310?
5
What is the greatest common factor of 56192 and 288?
32
What is the greatest common factor of 303620 and 95?
95
What is the highest common factor of 30504 and 1032?
24
What is the highest common divisor of 37088 and 380?
76
Calculate the greatest common factor of 52 and 37102.
26
Calculate the greatest common factor of 1865 and 26483.
373
What is the highest common divisor of 18800 and 4324?
188
Calculate the highest common factor of 196 and 187474.
98
Calculate the greatest common divisor of 29 and 204653.
29
Calculate the greatest common divisor of 34 and 156298.
34
Calculate the greatest common divisor of 324588 and 132.
132
Calculate the highest common factor of 177012 and 15444.
1188
What is the greatest common factor of 45747 and 1377?
153
Calculate the greatest common factor of 36850 and 37730.
110
What is the highest common divisor of 80391 and 1477?
211
Calculate the greatest common factor of 45 and 223785.
45
What is the highest common factor of 68 and 66827?
17
Calculate the highest common factor of 11628 and 7429.
323
Calculate the greatest common divisor of 315 and 4530.
15
Calculate the highest common divisor of 14066 and 22958.
26
What is the greatest common divisor of 8050 and 1449?
161
What is the highest common divisor of 70344 and 27?
9
What is the greatest common divisor of 23076 and 540?
36
Calculate the highest common factor of 10 and 35418.
2
Calculate the greatest common factor of 802 and 155989.
401
What is the highest common divisor of 8048 and 592?
16
What is the greatest common divisor of 1081 and 598?
23
What is the highest common factor of 26341 and 11431?
497
Calculate the highest common factor of 4235 and 70.
35
What is the greatest common factor of 540 and 26700?
60
What is the highest common factor of 150312 and 24?
24
What is the highest common factor of 24 and 642?
6
What is the greatest common factor of 4376116 and 4?
4
What is the highest common factor of 101591 and 1127?
161
What is the greatest common divisor of 277898 and 1066?
82
Calculate the greatest common divisor of 162320 and 20.
20
Calculate the highest common factor of 98163 and 35919.
117
Calculate the greatest common factor of 96101 and 17.
17
What is the highest common factor of 96395 and 5?
5
What is the greatest common divisor of 58465 and 440?
55
What is the greatest common factor of 1820 and 5285?
35
Calculate the highest common factor of 2920 and 324.
4
Calculate the greatest common divisor of 15202 and 814.
22
What is the highest common factor of 126303 and 3?
3
Calculate the greatest common divisor of 3500 and 89068.
28
What is the greatest common factor of 13315 and 2?
1
What is the greatest common factor of 128700 and 5676?
132
What is the highest common divisor of 778157 and 29?
29
What is the greatest common divisor of 5400 and 141950?
50
What is the greatest common factor of 2901 and 1053?
3
What is the greatest common divisor of 4172 and 203?
7
What is the highest common divisor of 1014 and 3263559?
507
What is the highest common divisor of 1520 and 17138?
38
What is the highest common factor of 72 and 395748?
36
Calculate the greatest common factor of 360 and 122490.
90
Calculate the highest common factor of 1384681 and 381.
127
Calculate the greatest common divisor of 234 and 24912.
18
Calculate the greatest common factor of 18513 and 136.
17
What is the greatest co